4407845?
3, 5, 23, 563501
What are the prime factors of 2160211858?
2, 7, 563, 274069
List the prime factors of 75224362.
2, 37612181
What are the prime factors of 1412857959?
3, 470952653
List the prime factors of 1089129793.
59, 1381, 13367
List the prime factors of 521504367.
3, 173834789
What are the prime factors of 19259366?
2, 7, 1375669
List the prime factors of 1112603444.
2, 19, 29, 163
What are the prime factors of 749425018?
2, 19, 29, 680059
What are the prime factors of 829427127?
3, 17, 23, 707099
List the prime factors of 3006213670.
2, 5, 300621367
What are the prime factors of 312373020?
2, 3, 5, 71, 73327
List the prime factors of 205101885.
3, 5, 41, 167, 1997
What are the prime factors of 2596667213?
7, 53, 6999103
List the prime factors of 4689738.
2, 3, 28949
List the prime factors of 66838868.
2, 2791, 5987
List the prime factors of 1130362226.
2, 7, 67, 83, 14519
List the prime factors of 64412995.
5, 23, 560113
What are the prime factors of 1089288983?
1571, 693373
What are the prime factors of 137691912?
2, 3, 2087, 2749
List the prime factors of 127819570.
2, 5, 53, 241169
List the prime factors of 37183960.
2, 5, 11, 84509
List the prime factors of 13577889.
3, 13, 23, 15137
What are the prime factors of 17042068?
2, 4260517
What are the prime factors of 563823845?
5, 13, 8674213
List the prime factors of 116615468.
2, 617, 47251
List the prime factors of 417044554.
2, 101, 647, 3191
What are the prime factors of 104787585?
3, 5, 7, 29, 11471
List the prime factors of 81982415.
5, 17, 964499
What are the prime factors of 71290757?
71290757
List the prime factors of 371149305.
3, 5, 71, 563, 619
What are the prime factors of 244001421?
3, 37, 89, 8233
List the prime factors of 2318808736.
2, 5651, 12823
List the prime factors of 24971906.
2, 43, 139, 2089
What are the prime factors of 273170904?
2, 3, 19, 53, 89, 127
What are the prime factors of 1256336408?
2, 157042051
List the prime factors of 98309242.
2, 47, 229, 4567
What are the prime factors of 132877583?
19, 6993557
What are the prime factors of 977769666?
2, 3, 2797, 19421
List the prime factors of 304314269.
7, 3919, 11093
List the prime factors of 110002149.
3, 12222461
What are the prime factors of 61094575?
5, 2443783
List the prime factors of 330835817.
13, 4021, 6329
What are the prime factors of 50522298?
2, 3, 2153, 3911
List the prime factors of 5924581850.
2, 5, 11, 509, 21163
What are the prime factors of 163966699?
13, 691, 18253
What are the prime factors of 3216930507?
3, 7, 307, 23761
What are the prime factors of 1679550134?
2, 21839, 38453
List the prime factors of 1961469233.
23, 41, 929, 2239
What are the prime factors of 2809703626?
2, 1404851813
What are the prime factors of 23008857?
3, 37, 207287
List the prime factors of 4439083.
11, 403553
List the prime factors of 108313556.
2, 13, 53, 39301
What are the prime factors of 1412022085?
5, 71, 3977527
What are the prime factors of 30403565?
5, 17, 357689
List the prime factors of 7628468440.
2, 5, 190711711
List the prime factors of 137516742.
2, 3, 11, 103, 613
List the prime factors of 47803220.
2, 5, 1021, 2341
What are the prime factors of 280385380?
2, 5, 11, 487, 2617
List the prime factors of 1554160215.
3, 5, 103610681
What are the prime factors of 78570931?
78570931
List the prime factors of 92581721.
3779, 24499
What are the prime factors of 123717516?
2, 3, 13, 61, 13001
List the prime factors of 1149788712.
2, 3, 47907863
What are the prime factors of 698798949?
3, 23, 281, 1567
List the prime factors of 1522747626.
2, 3, 41, 331, 18701
List the prime factors of 243655680.
2, 3, 5, 29, 547
What are the prime factors of 68997770?
2, 5, 6899777
List the prime factors of 239790439.
7, 34255777
List the prime factors of 37113072.
2, 3, 37, 20897
List the prime factors of 2393693147.
29, 487, 169489
List the prime factors of 2451295924.
2, 7, 11, 97, 7459
List the prime factors of 668344360.
2, 5, 16708609
What are the prime factors of 35127277?
61, 575857
List the prime factors of 878281652.
2, 113, 1943101
What are the prime factors of 27128898?
2, 3, 53, 9479
What are the prime factors of 34152868?
2, 2083, 4099
List the prime factors of 59815092.
2, 3, 4984591
What are the prime factors of 905265767?
7, 5653, 22877
List the prime factors of 1115674959.
3, 7, 179, 296801
List the prime factors of 234918265.
5, 46983653
What are the prime factors of 4612019520?
2, 3, 5, 4804187
List the prime factors of 4875671334.
2, 3, 812611889
What are the prime factors of 986248035?
3, 5, 227, 32183
List the prime factors of 551529938.
2, 587, 469787
What are the prime factors of 836242922?
2, 418121461
List the prime factors of 17054922.
2, 3, 2842487
What are the prime factors of 69880457?
37, 211, 8951
List the prime factors of 76830265.
5, 79, 194507
What are the prime factors of 53499734?
2, 26749867
List the prime factors of 51599516.
2, 19, 678941
List the prime factors of 259907571.
3, 7, 11, 113, 3319
What are the prime factors of 1244766334?
2, 7, 67, 1327043
What are the prime factors of 49911070?
2, 5, 11, 453737
What are the prime factors of 2847537357?
3, 7, 43, 83, 37993
List the prime factors of 19509567.
3, 7, 11, 84457
What are the prime factors of 88452956?
2, 149, 148411
What are the prime factors of 74255064?
2, 3, 13, 237997
What are the prime factors of 251834714?
2, 4591, 27427
What are the prime factors of 3392125050?
2, 3, 5, 1933, 11699
What are the prime factors of 27429713?
27429713
List the prime factors of 32145125.
5, 257161
List the prime factors of 2108777131.
2108777131
What are the prime factors of 263117537?
2801, 93937
List the prime factors of 1221376752.
2, 3, 107, 26423
List the prime factors of 807323018.
2, 31, 3001, 4339
What are the prime factors of 33701736?
2, 3, 127, 11057
What are the prime factors of 927535125?
3, 5, 11, 71, 3167
What are the prime factors of 1490464353?
3, 7, 70974493
List the prime factors of 1820960753.
22453, 81101
List the prime factors of 24853137.
3, 8284379
List the prime factors of 23565489.
3, 7855163
List the prime factors of 227361097.
547, 415651
List the prime factors of 1895763258.
2, 3, 67, 113, 4637
What are the prime factors of 29434299?
3, 463, 21191
List the prime factors of 688905925.
5, 53, 277, 1877
List the prime factors of 668148646.
2, 11, 179, 169667
What are the prime factors of 2800175885?
5, 13, 181, 238009
List the prime factors of 178135044.
2, 3, 17, 67, 13033
List the prime factors of 59669696.
2, 47, 83, 239
List the prime factors of 647238947.
991, 653117
List the prime factors of 33645076.
2, 8411269
What are the prime factors of 5782632793?
7, 109, 7578811
List the prime factors of 41985875.
5, 59, 5693
What are the prime factors of 143366523?
3, 47788841
List the prime factors of 713273369.
17, 197, 212981
List the prime factors of 15118140.
2, 3, 5, 251969
List the prime factors of 36601712.
2, 7, 29, 59, 191
List the prime factors of 1319606198.
2, 17, 29, 1338343
What are the prime factors of 376901685?
3, 5, 8375593
List the prime factors of 1424483354.
2, 7, 101748811
List the prime factors of 3140756508.
2, 3, 261729709
What are the prime factors of 42928409?
42928409
What are the prime factors of 313503887?
313503887
List the prime factors of 1957156796.
2, 7, 277, 252341
What are the prime factors of 18938975?
5, 11, 61, 1129
What are the prime factors of 3724091018?
2, 443, 4203263
What are the prime factors of 926471087?
926471087
What are the prime factors of 865039053?
3, 953, 302567
What are the prime factors of 60428137?
7, 11, 41, 19141
What are the prime factors of 302910934?
2, 37, 4093391
What are the prime factors of 216582624?
2, 3, 752023
What are the prime factors of 4641943945?
5, 41, 3823, 5923
What are the prime factors of 72407157?
3, 19, 1270301
What are the prime factors of 76630666?
2, 7, 389, 14071
List the prime factors of 81458888.
2, 7, 997, 1459
List the prime factors of 286736904.
2, 3, 19, 239, 877
List the prime factors of 76491690.
2, 3, 5, 11, 193, 1201
List the prime factors of 2541346834.
2, 13, 269, 363361
List the prime factors of 4230545463.
3, 156686869
List the prime factors of 2480534558.
2, 2843, 436253
What are the prime factors o